{"id":2099,"date":"2021-01-25T22:58:28","date_gmt":"2021-01-25T21:58:28","guid":{"rendered":"http:\/\/zsgrobla.pl\/?page_id=2099"},"modified":"2025-11-07T10:24:08","modified_gmt":"2025-11-07T09:24:08","slug":"samorzad-uczniowski","status":"publish","type":"page","link":"https:\/\/zsgrobla.pl\/?page_id=2099","title":{"rendered":"Samorz\u0105d uczniowski"},"content":{"rendered":"\t\t<div data-elementor-type=\"wp-page\" data-elementor-id=\"2099\" class=\"elementor elementor-2099\">\n\t\t\t\t\t\t<section class=\"elementor-section elementor-top-section elementor-element elementor-element-156a510 elementor-section-boxed elementor-section-height-default elementor-section-height-default\" data-id=\"156a510\" data-element_type=\"section\">\n\t\t\t\t\t\t<div class=\"elementor-container elementor-column-gap-default\">\n\t\t\t\t\t<div class=\"elementor-column elementor-col-100 elementor-top-column elementor-element elementor-element-2144d9c\" data-id=\"2144d9c\" data-element_type=\"column\">\n\t\t\t<div class=\"elementor-widget-wrap elementor-element-populated\">\n\t\t\t\t\t\t<div class=\"elementor-element elementor-element-87a71bc elementor-widget elementor-widget-text-editor\" data-id=\"87a71bc\" data-element_type=\"widget\" data-widget_type=\"text-editor.default\">\n\t\t\t\t<div class=\"elementor-widget-container\">\n\t\t\t\t\t\t\t<h4 class=\"style1\" align=\"center\">Samorz\u0105d Uczniowski Publicznej Szko\u0142y Podstawowej w Grobli <br \/>w roku szkolnym 2025\/2026<\/h4><h6 style=\"text-align: center;\">Przewodnicz\u0105ca: Anna Siudak<br \/>Zast\u0119pca: Dominika Klasa<br \/>Skarbnik: Blanka Zegiel<br \/>Sekretarz: Katarzyna Markowska<br \/>Cz\u0142onkowie: Magdalena Kucharska, Katarzyna Krysa<\/h6><p style=\"text-align: center;\"><span style=\"color: #008000;\"><strong>opiekun Samorz\u0105du Uczniowskiego: mgr Magdalena Piek\u0142o<\/strong><\/span><\/p><p style=\"text-align: center;\">\u00a0<\/p>\t\t\t\t\t\t<\/div>\n\t\t\t\t<\/div>\n\t\t\t\t\t<\/div>\n\t\t<\/div>\n\t\t\t\t\t<\/div>\n\t\t<\/section>\n\t\t\t\t<section class=\"elementor-section elementor-top-section elementor-element elementor-element-8560091 elementor-section-boxed elementor-section-height-default elementor-section-height-default\" data-id=\"8560091\" data-element_type=\"section\">\n\t\t\t\t\t\t<div class=\"elementor-container elementor-column-gap-default\">\n\t\t\t\t\t<div class=\"elementor-column elementor-col-100 elementor-top-column elementor-element elementor-element-1d08f64\" data-id=\"1d08f64\" data-element_type=\"column\">\n\t\t\t<div class=\"elementor-widget-wrap elementor-element-populated\">\n\t\t\t\t\t\t\t<\/div>\n\t\t<\/div>\n\t\t\t\t\t<\/div>\n\t\t<\/section>\n\t\t\t\t<\/div>\n\t\t","protected":false},"excerpt":{"rendered":"<p>Samorz\u0105d Uczniowski Publicznej Szko\u0142y Podstawowej w Grobli w roku szkolnym 2025\/2026 Przewodnicz\u0105ca: Anna SiudakZast\u0119pca: Dominika KlasaSkarbnik: Blanka ZegielSekretarz: Katarzyna MarkowskaCz\u0142onkowie: Magdalena Kucharska, Katarzyna Krysa opiekun Samorz\u0105du Uczniowskiego: mgr Magdalena Piek\u0142o \u00a0<\/p>\n","protected":false},"author":1,"featured_media":0,"parent":0,"menu_order":0,"comment_status":"closed","ping_status":"closed","template":"","meta":{"footnotes":""},"class_list":["post-2099","page","type-page","status-publish","hentry"],"yoast_head":"<!-- This site is optimized with the Yoast SEO plugin v22.8 - https:\/\/yoast.com\/wordpress\/plugins\/seo\/ -->\n<title>Samorz\u0105d uczniowski - Szko\u0142a Podstawowa w Grobli<\/title>\n<meta name=\"robots\" content=\"index, follow, max-snippet:-1, max-image-preview:large, max-video-preview:-1\" \/>\n<link rel=\"canonical\" href=\"https:\/\/zsgrobla.pl\/?page_id=2099\" \/>\n<meta property=\"og:locale\" content=\"pl_PL\" \/>\n<meta property=\"og:type\" content=\"article\" \/>\n<meta property=\"og:title\" content=\"Samorz\u0105d uczniowski - Szko\u0142a Podstawowa w Grobli\" \/>\n<meta property=\"og:description\" content=\"Samorz\u0105d Uczniowski Publicznej Szko\u0142y Podstawowej w Grobli w roku szkolnym 2025\/2026 Przewodnicz\u0105ca: Anna SiudakZast\u0119pca: Dominika KlasaSkarbnik: Blanka ZegielSekretarz: Katarzyna MarkowskaCz\u0142onkowie: Magdalena Kucharska, Katarzyna Krysa opiekun Samorz\u0105du Uczniowskiego: mgr Magdalena Piek\u0142o \u00a0\" \/>\n<meta property=\"og:url\" content=\"https:\/\/zsgrobla.pl\/?page_id=2099\" \/>\n<meta property=\"og:site_name\" content=\"Szko\u0142a Podstawowa w Grobli\" \/>\n<meta property=\"article:modified_time\" content=\"2025-11-07T09:24:08+00:00\" \/>\n<meta name=\"twitter:card\" content=\"summary_large_image\" \/>\n<meta name=\"twitter:label1\" content=\"Szacowany czas czytania\" \/>\n\t<meta name=\"twitter:data1\" content=\"1 minuta\" \/>\n<script type=\"application\/ld+json\" class=\"yoast-schema-graph\">{\"@context\":\"https:\/\/schema.org\",\"@graph\":[{\"@type\":\"WebPage\",\"@id\":\"https:\/\/zsgrobla.pl\/?page_id=2099\",\"url\":\"https:\/\/zsgrobla.pl\/?page_id=2099\",\"name\":\"Samorz\u0105d uczniowski - Szko\u0142a Podstawowa w Grobli\",\"isPartOf\":{\"@id\":\"https:\/\/zsgrobla.pl\/#website\"},\"datePublished\":\"2021-01-25T21:58:28+00:00\",\"dateModified\":\"2025-11-07T09:24:08+00:00\",\"breadcrumb\":{\"@id\":\"https:\/\/zsgrobla.pl\/?page_id=2099#breadcrumb\"},\"inLanguage\":\"pl-PL\",\"potentialAction\":[{\"@type\":\"ReadAction\",\"target\":[\"https:\/\/zsgrobla.pl\/?page_id=2099\"]}]},{\"@type\":\"BreadcrumbList\",\"@id\":\"https:\/\/zsgrobla.pl\/?page_id=2099#breadcrumb\",\"itemListElement\":[{\"@type\":\"ListItem\",\"position\":1,\"name\":\"Home\",\"item\":\"https:\/\/zsgrobla.pl\/\"},{\"@type\":\"ListItem\",\"position\":2,\"name\":\"Samorz\u0105d uczniowski\"}]},{\"@type\":\"WebSite\",\"@id\":\"https:\/\/zsgrobla.pl\/#website\",\"url\":\"https:\/\/zsgrobla.pl\/\",\"name\":\"Szko\u0142a Podstawowa w Grobli\",\"description\":\"Strona Publicznej Szko\u0142y Podstawowej w Grobli\",\"potentialAction\":[{\"@type\":\"SearchAction\",\"target\":{\"@type\":\"EntryPoint\",\"urlTemplate\":\"https:\/\/zsgrobla.pl\/?s={search_term_string}\"},\"query-input\":\"required name=search_term_string\"}],\"inLanguage\":\"pl-PL\"}]}<\/script>\n<!-- \/ Yoast SEO plugin. -->","yoast_head_json":{"title":"Samorz\u0105d uczniowski - Szko\u0142a Podstawowa w Grobli","robots":{"index":"index","follow":"follow","max-snippet":"max-snippet:-1","max-image-preview":"max-image-preview:large","max-video-preview":"max-video-preview:-1"},"canonical":"https:\/\/zsgrobla.pl\/?page_id=2099","og_locale":"pl_PL","og_type":"article","og_title":"Samorz\u0105d uczniowski - Szko\u0142a Podstawowa w Grobli","og_description":"Samorz\u0105d Uczniowski Publicznej Szko\u0142y Podstawowej w Grobli w roku szkolnym 2025\/2026 Przewodnicz\u0105ca: Anna SiudakZast\u0119pca: Dominika KlasaSkarbnik: Blanka ZegielSekretarz: Katarzyna MarkowskaCz\u0142onkowie: Magdalena Kucharska, Katarzyna Krysa opiekun Samorz\u0105du Uczniowskiego: mgr Magdalena Piek\u0142o \u00a0","og_url":"https:\/\/zsgrobla.pl\/?page_id=2099","og_site_name":"Szko\u0142a Podstawowa w Grobli","article_modified_time":"2025-11-07T09:24:08+00:00","twitter_card":"summary_large_image","twitter_misc":{"Szacowany czas czytania":"1 minuta"},"schema":{"@context":"https:\/\/schema.org","@graph":[{"@type":"WebPage","@id":"https:\/\/zsgrobla.pl\/?page_id=2099","url":"https:\/\/zsgrobla.pl\/?page_id=2099","name":"Samorz\u0105d uczniowski - Szko\u0142a Podstawowa w Grobli","isPartOf":{"@id":"https:\/\/zsgrobla.pl\/#website"},"datePublished":"2021-01-25T21:58:28+00:00","dateModified":"2025-11-07T09:24:08+00:00","breadcrumb":{"@id":"https:\/\/zsgrobla.pl\/?page_id=2099#breadcrumb"},"inLanguage":"pl-PL","potentialAction":[{"@type":"ReadAction","target":["https:\/\/zsgrobla.pl\/?page_id=2099"]}]},{"@type":"BreadcrumbList","@id":"https:\/\/zsgrobla.pl\/?page_id=2099#breadcrumb","itemListElement":[{"@type":"ListItem","position":1,"name":"Home","item":"https:\/\/zsgrobla.pl\/"},{"@type":"ListItem","position":2,"name":"Samorz\u0105d uczniowski"}]},{"@type":"WebSite","@id":"https:\/\/zsgrobla.pl\/#website","url":"https:\/\/zsgrobla.pl\/","name":"Szko\u0142a Podstawowa w Grobli","description":"Strona Publicznej Szko\u0142y Podstawowej w Grobli","potentialAction":[{"@type":"SearchAction","target":{"@type":"EntryPoint","urlTemplate":"https:\/\/zsgrobla.pl\/?s={search_term_string}"},"query-input":"required name=search_term_string"}],"inLanguage":"pl-PL"}]}},"_links":{"self":[{"href":"https:\/\/zsgrobla.pl\/index.php?rest_route=\/wp\/v2\/pages\/2099","targetHints":{"allow":["GET"]}}],"collection":[{"href":"https:\/\/zsgrobla.pl\/index.php?rest_route=\/wp\/v2\/pages"}],"about":[{"href":"https:\/\/zsgrobla.pl\/index.php?rest_route=\/wp\/v2\/types\/page"}],"author":[{"embeddable":true,"href":"https:\/\/zsgrobla.pl\/index.php?rest_route=\/wp\/v2\/users\/1"}],"replies":[{"embeddable":true,"href":"https:\/\/zsgrobla.pl\/index.php?rest_route=%2Fwp%2Fv2%2Fcomments&post=2099"}],"version-history":[{"count":25,"href":"https:\/\/zsgrobla.pl\/index.php?rest_route=\/wp\/v2\/pages\/2099\/revisions"}],"predecessor-version":[{"id":9142,"href":"https:\/\/zsgrobla.pl\/index.php?rest_route=\/wp\/v2\/pages\/2099\/revisions\/9142"}],"wp:attachment":[{"href":"https:\/\/zsgrobla.pl\/index.php?rest_route=%2Fwp%2Fv2%2Fmedia&parent=2099"}],"curies":[{"name":"wp","href":"https:\/\/api.w.org\/{rel}","templated":true}]}}